6*k**2 + 0*k - 25*k**2 - 11*k. Let j be y(10). What is the tens digit of 366/j + (-3)/(-12)?
4
Suppose 298196 + 233380 = -n + 28*n. What is the tens digit of n?
8
Let k(y) = 44*y**2 - 14*y - 2. Suppose -j = -2*j - 3. What is the units digit of k(j)?
6
Let z(b) = -19*b**2 - 19*b - 29. Let k(r) = -10*r**2 - 10*r - 14. Let t(h) = 5*k(h) - 3*z(h). Let q = -161 - -158. What is the tens digit of t(q)?
5
Suppose 0 = -43*j + 169898 + 38394. What is the tens digit of j?
4
Let b(i) be the second derivative of i**3/3 + 67*i**2/2 + 16*i. What is the tens digit of b(-13)?
4
Suppose 0*w = -2*w - 8, 3*b - 577 = w. Suppose l - 5*q - b = 12, l = 3*q + 193. What is the hundreds digit of l?
1
Suppose -91*p = -83*p - 7568. What is the units digit of p?
6
Let x be (-4)/(-20) - (-4557)/(-35). Let b = 177 + x. What is the units digit of b?
7
What is the thousands digit of (-90)/(-3) + -15 - -7571?
7
Suppose 19*u = 22*u - 660. Suppose -3*i = -1499 - u. What is the tens digit of i?
7
Let u(g) = g**3 + 8*g**2 + 12*g + 2. Let k be u(-6). Let x be k/3 - (3 + (-44)/6). Suppose 208 = 9*b - x*b. What is the tens digit of b?
5
Suppose 7*o = 3010 + 8323. Let u = o + -732. What is the hundreds digit of u?
8
Suppose -61*z + 426186 + 4362192 = 0. What is the tens digit of z?
9
Let z(t) = -2*t**3 - 2*t**2 + 31*t - 1. Let s be -32 + 30 + (-4 - 0). What is the tens digit of z(s)?
7
Let l = -48 - -47. Let t be -8*l/(10/(-15)). Let a(s) = -s**3 - 10*s**2 + 11*s + 3. What is the hundreds digit of a(t)?
1
Let j = 26569 + -11646. What is the ten thousands digit of j?
1
Let i(z) = z**3 + 9*z**2 + 5*z - 18. Suppose -17*w + 704 = -9*w. Suppose 3*g = 14*g + w. What is the units digit of i(g)?
6
Let r be (-4)/1*(225/(-4))/(-15). Let d = -19 - r. What is the units digit of (-27)/(-18) + (-22)/d?
7
Let y(j) = 1064*j**2 + 137*j + 616. What is the tens digit of y(-4)?
9
Let c(y) = y**3 + 6*y**2 + 2*y - 9. Let a be c(-3). Let t be 216/(-21) + 2/7. What is the tens digit of a - -1 - (t + 6)?
1
Let s = -8695 + 21544. What is the thousands digit of s?
2
Suppose 95422 = 5*y + 2*h, 5*y + 262*h - 267*h = 95450. What is the ten thousands digit of y?
1
Let x = 530 + -527. What is the hundreds digit of x + 2 + 1 + 0 + 1117?
1
What is the tens digit of 13230 + (5 - -3) - (5 + 3 + -4)?
3
Suppose 4*q = 2*q - 16. Let r be 6/q - 7038/(-72). Let d = r + -53. What is the units digit of d?
4
Let z = 24248 + -13834. What is the thousands digit of z?
0
Suppose -4*l = 17*q - 15*q - 828, -q = 5*l - 417. Suppose 2*s + 136 = q. What is the units digit of s?
8
Let o(x) = -6*x - 24. Let l(z) = z**3 + 6*z**2 - 5*z + 6. Let g = 90 - 97. Let t be l(g). What is the tens digit of o(t)?
2
Let c = -3945 - -6845. What is the tens digit of c?
0
Suppose 4*c + 445 - 101 = 0. Let x = 330 + c. What is the units digit of x?
4
Let s(v) = 842*v + 221. What is the ten thousands digit of s(14)?
1
Suppose -6*u + 1 = -23. Suppose 7*v - 6 = u*v. Suppose 0 = 4*j + m + 3*m - 240, -j + v*m + 45 = 0. What is the units digit of j?
5
Let k = 43143 - 24979. What is the hundreds digit of k?
1
Suppose 20*h + 2665 = -875. What is the tens digit of h/(6 + -8 + 1)?
7
Let s be 16/136 - (-185)/17. Suppose g - 3*b - 245 - s = 0, -g - 4*b + 277 = 0. What is the units digit of g?
5
Let t(i) = -3039*i - 31. What is the hundreds digit of t(-3)?
0
Suppose 0 = -24*q + 14*q + 12*q - 17322. What is the units digit of q?
1
Let y(w) = 12*w**2 + 22*w + 480. What is the hundreds digit of y(28)?
5
Suppose 4*o = -4*d + 16, 0 = -d - 3*o - 3 - 1. Suppose -d*w + 20*w = 924. What is the units digit of w?
7
Let g(h) = 830*h - 24. Let k be g(1). Suppose -3*d = 5*r - r - 3194, -r = -3*d - k. What is the hundreds digit of r?
8
Suppose 0 = -u + 3. Let n(b) = 1144*b - 1149*b + 12 + 11*b**2 + b**u + 14. What is the tens digit of n(-11)?
8
Suppose 5*q - 15 - 15 = 0. Suppose 0 = -3*m - p + 6, -4*m - 4*p - 4 = -q*m. Suppose 2*o + 342 = m*x, 4*x + 6*o - 3*o = 705. What is the tens digit of x?
7
What is the hundreds digit of 4 + 2374 + (11 - 20)?
3
Let k = -149 - -151. What is the units digit of (k/(-7) + 10542/(-147))*-5?
0
Let m be (-5)/(10/12) - -2. Let p(v) = -2*v**3 - 5*v**2 - 3*v - 8. Let d be p(m). Suppose -2*z + 4*u = -52, -2*z - 2*u + d = -5*u. What is the tens digit of z?
2
Suppose -8*x = -16 - 16. Let d(z) = 3*z**2 - z - 2. Let r be d(-2). Suppose 0 = -x*u + r, 0*g - u = -3*g + 579. What is the units digit of g?
4
Let t = 1478 - 1271. What is the units digit of t?
7
Suppose -4*m + f = -325, -2*f + 9 = f. What is the units digit of 5/((-90)/(-27))*m?
3
Let w(s) = 5720*s - 1778. What is the ten thousands digit of w(12)?
6
Let c(j) = j**3 + 10*j**2 - 6*j - 9. Let g = 2 - -10. Let b be ((-22)/4 - -4)/(2/g). What is the hundreds digit of c(b)?
1
Suppose 0*q = -3*q + 2*r + 4, 0 = -2*q - r + 12. What is the tens digit of 149*(-3 + q) - (0 - -4)?
4
Let l = 376 + -327. What is the units digit of (2779/(-49))/((-7)/l)?
7
Suppose -31*l + 26*l = -10. Suppose 4*p - 16 = -n, l*n - 5 = -2*p + 3. Suppose i - u - 38 = 2*u, -p*i + 5*u = -166. What is the units digit of i?
4
Let g be -299*1/6 + 42/(-252). Let k = -4 - g. What is the units digit of k?
6
What is the tens digit of 24 + 1658852/117 + (-4)/18 + 0?
0
Suppose 0 = 21*u + 1 - 85. Suppose u*f - 1550 = -f. What is the hundreds digit of f?
3
Let f = 84595 + -49259. What is the tens digit of f?
3
Let y = -37 - 48. Let p = -65 + y. Let h = 31 - p. What is the hundreds digit of h?
1
Suppose -6*v + 44714 = 3*r - 4*v, 0 = -3*r + 3*v + 44739. What is the hundreds digit of r?
9
Suppose 0 = -31*r + 29*r - 290. Let v = r - -338. What is the tens digit of v?
9
Suppose -16383 = 22*y - 41*y + 932078. What is the hundreds digit of y?
9
Suppose 8*n - 13*n + 3*n + 15938 = 0. What is the hundreds digit of n?
9
Suppose -2*m + 585 + 1393 = 0. Suppose -13*y - m = -4135. What is the tens digit of y?
4
Let y(j) be the second derivative of -j**4/6 + 37*j**3/6 + 10*j**2 - 31*j. Let n(z) be the first derivative of y(z). What is the hundreds digit of n(-19)?
1
Suppose -q + 3164 = -5*g, 3*g - 2308 = 2*q - 8587. What is the hundreds digit of q?
1
Let p(o) = -692*o**3 + 2*o**2 + 2*o + 2. Let t be p(-1). Let v = 988 - t. Let s = 456 - v. What is the tens digit of s?
6
Suppose 8*a + 381 = 11*a. Let w = a + -59. Suppose 70*x - 134 = w*x. What is the units digit of x?
7
Let l(b) = b**2 + 6*b + 5. Let n be l(-5). Suppose 4*r - 2*t = -225 - 19, n = 4*r + 5*t + 230. What is the tens digit of (4 + -5)*1 - r?
5
Let a = -69 + 73. Suppose 0 = -0*o + 6*o + 276. Let y = a - o. What is the tens digit of y?
5
Let c = -48 + 21. Let a = c + 31. Suppose 64 = a*j - 0*j. What is the tens digit of j?
1
Let d = 61 + -6. Let n = -55 + d. Suppose n = -3*g - 4*k + 99, -g + 132 = 3*g - 3*k. What is the tens digit of g?
3
Let i(n) = 11052*n**2 - 56*n + 31. What is the tens digit of i(2)?
2
Let m be (-1848)/30 + 3/((-15)/2). Let l = 67 + m. Suppose -z + 701 = 4*q, 4*q = -q + l*z + 845. What is the tens digit of q?
7
Let c = 90 - 36. What is the tens digit of (4/(-6))/((-9)/c) - -328?
3
Suppose 4*s - 24088 = 8*q, -9*q - 2 = -11*q. What is the tens digit of s?
2
Let b(q) = q**2 + 8*q + 11. Let w be b(-5). What is the units digit of (-831)/(w/(-32) - 27/24)?
1
Let x = -11 + 14. Suppose -5*t + 165 = -x*p, 0 = 4*t + t + 15. What is the tens digit of 98/(-5)*p/24?
4
Suppose 149733 = 5*h + 6*k, -4*k + 4497 + 25444 = h. What is the ten thousands digit of h?
2
Let u be 5889/29 + 64/(-928). Let q = 1101 - u. What is the tens digit of q?
9
Suppose -4*v + 8 = 5*c, -4*c = 4*v - 2*v - 4. Let l be 0 + 660 - (7 + -7). Suppose -o - 4*o + l = c. What is the tens digit of o?
3
Let q(x) = 26*x + 9. Let a be q(5). Let s = -228 + 320. Let d = a - s. What is the units digit of d?
7
Let k(z) = -471*z + 9. What is the hundreds digit of k(-8)?
7
Suppose 67 + 86 = 3*f. Suppose 8*t - f = 5. Suppose q + 390 = 3*s, t*q - 120 = -s + 4*q. What is the units digit of s?
9
Let m be 177/3*85 - -4. Suppose -1411 = 8*t - m. Let p = -291 + t. What is the units digit of p?
0
What is the thousands digit of ((3/(-5))/((-2)/(-10415)))/(37/(-74))?
6
Suppose -4*n + 215 = -185. Suppose n = 15*h - 10*h. Let b = 39 - h. What is the units digit of b?
9
Suppose 47 = 8*f - 25. Suppose -f*l + 396 = -0*l. What is the tens digit of l?
4
Let 